{"id":239,"date":"2019-03-12T18:49:24","date_gmt":"2019-03-12T17:49:24","guid":{"rendered":"https:\/\/1-10-courses.fr\/?page_id=239"},"modified":"2023-05-03T13:51:12","modified_gmt":"2023-05-03T13:51:12","slug":"mentions-legales","status":"publish","type":"page","link":"https:\/\/1-10-courses.fr\/index.php\/mentions-legales\/","title":{"rendered":"Mentions l\u00e9gales"},"content":{"rendered":"<h3>Editeur<\/h3>\n<p>Le site\u00a0<a href=\"http:\/\/1-10-courses.fr\/\" target=\"_blank\" rel=\"noopener noreferrer\" data-saferedirecturl=\"https:\/\/www.google.com\/url?q=http:\/\/1-10-courses.fr&amp;source=gmail&amp;ust=1553682436923000&amp;usg=AFQjCNFoDWvUrEoa0U3z30Pin6C0li-Tkg\">1-10-courses.fr<\/a>\u00a0est \u00e9dit\u00e9 par :<br \/>JD-COM &#8211; 40 rue Damremont &#8211; 75018 PARIS<br \/>SAS au capital de 1000 \u20ac<br \/>RCS 910.466.655 Paris.TVA intra-communautaire : 63.910.466.655<br \/>Le responsable de la publication est <strong>J.DUPUIS.<\/strong><\/p>\n<h3>H\u00e9bergement<\/h3>\n<p>H\u00e9bergement : OVH\u00a0<br \/>RCS Roubaix \u00e0 Tourcoing 424 761 419 00011<br \/>2 rue Kellermann &#8211; 59100 Roubaix &#8211; France.\u00a0<\/p>\n<h3>Conditions d&#8217;utilisation<\/h3>\n<p>1-10-courses d\u00e9cline toute responsabilit\u00e9 :\u00a0<br \/>pour toute interruption du site et de ses services.<br \/>pour toute inexactitude ou omission portant sur des informations disponibles sur ce site.<\/p>\n<p>JD-COM consent \u00e0 l&#8217;utilisateur le droit de consultation du site pour son usage strictement personnel et priv\u00e9.\u00a0<br \/>Toute reproduction, rediffusion ou commercialisation totale ou partielle du contenu est interdite.<br \/>Donn\u00e9es personnelles :<br \/>D&#8217;une fa\u00e7on g\u00e9n\u00e9rale, vous pouvez visiter notre site sur Internet sans avoir \u00e0 d\u00e9cliner votre identit\u00e9 et \u00e0 fournir des informations personnelles vous concernant.<br \/>Seulement lors de l&#8217;inscription gratuite pour acc\u00e9der \u00e0 la partie membre une adresse est mail valide est requise.<br \/>Les donn\u00e9es recueillies par notre formulaire en ligne repr\u00e9sentent le minimum requis pour \u00e9tablir et maintenir notre service.\u00a0<br \/>Cookies<br \/>JD-COM et ses partenaires sont susceptibles d&#8217;enregistrer des &#8220;cookies&#8221; sur votre ordinateur, tablette ou t\u00e9l\u00e9phone. Les cookies sont des param\u00e8tres sauvegard\u00e9s par les sites et services que vous utilisez. Pour l&#8217;\u00e9diteur d&#8217;un site, ils permettent par exemple d&#8217;\u00e9tablir des statistiques sur l&#8217;utilisation de son service en ligne. Pour l&#8217;utilisateur, ils permettent de faciliter la navigation et l&#8217;acc\u00e8s \u00e0 certaines fonctionnalit\u00e9s. sans cette technologie, vous devriez renseigner votre identifiant et votre mot de passe \u00e0 chacune de vos actions sur notre site tout comme sur votre r\u00e9seau social,\u00a0\u00a0<br \/>La plupart des services internet ne fonctionnent pas correctement sans cookie. Les cookies ne sont ni des logiciels espions, ni des virus, ils sont juste indispensables au bon fonctionnement d&#8217;un site.\u00a0<\/p>\n<h3>Quels sont les cookies d\u00e9pos\u00e9s lors d&#8217;une navigation sur 1-10-courses ?<\/h3>\n<p>Personnalisation de l&#8217;interface utilisateur.<br \/>Ce cookie persistant permet de conserver votre login et votre mail pour aider \u00e0 vous connecter \u00e0 l&#8217;espace membre.<br \/>Mesure d&#8217;audience.<br \/>Pour \u00e9tablir des statistiques anonymes sur la fr\u00e9quentation et l&#8217;utilisation des divers \u00e9l\u00e9ments et composant de note site : Nombre de visiteurs, rubriques et pages visit\u00e9es, parcours sur le site, type de terminaux utilis\u00e9s.\u00a0<\/p>\n<h3>Publicit\u00e9 :<\/h3>\n<p>1-10-courses se finance uniquement par la publicit\u00e9. Les cookies publicitaires, d\u00e9pos\u00e9s par nos partenaires r\u00e9gies, permettent de vous proposer des publicit\u00e9s en rapport avec vos centres d&#8217;int\u00e9r\u00eat.\u00a0<\/p>\n<p>En vous inscrivant gratuitement sur notre site vous acceptez sans r\u00e9serve de recevoir un mail publicitaire par semaine. Si vous d\u00e9clarez ce mail en tant que spam, nous supprimons imm\u00e9diatement votre acc\u00e8s au site, et cela \u00e0 vie. En effet notre financement ne provenant que de cette ressource il serait intol\u00e9rable d&#8217;accepter que d&#8217;autres travaillent pour vous gratuitement. Vous m\u00eame si vous travaillez, le fa\u00eetes vous gratuitement? Certainement que non, donc recevoir un mail par semaine est votre contribution au service.<\/p>\n","protected":false},"excerpt":{"rendered":"<p>Editeur Le site\u00a01-10-courses.fr\u00a0est \u00e9dit\u00e9 par :JD-COM &#8211; 40 rue Damremont &#8211; 75018 PARISSAS au capital de 1000 \u20acRCS 910.466.655 Paris.TVA intra-communautaire : 63.910.466.655Le responsable de la publication est J.DUPUIS. H\u00e9bergement H\u00e9bergement : OVH\u00a0RCS Roubaix \u00e0 Tourcoing 424 761 419 000112 rue Kellermann &#8211; 59100 Roubaix &#8211; France.\u00a0 Conditions d&#8217;utilisation 1-10-courses d\u00e9cline toute responsabilit\u00e9 :\u00a0pour toute [&hellip;]<\/p>\n","protected":false},"author":38,"featured_media":0,"parent":0,"menu_order":0,"comment_status":"closed","ping_status":"closed","template":"","meta":[],"acf":[],"yoast_head":"<!-- This site is optimized with the Yoast SEO plugin v19.6.1 - https:\/\/yoast.com\/wordpress\/plugins\/seo\/ -->\n<title>Mentions l\u00e9gales - 1-10 Courses<\/title>\n<meta name=\"robots\" content=\"index, follow, max-snippet:-1, max-image-preview:large, max-video-preview:-1\" \/>\n<link rel=\"canonical\" href=\"https:\/\/1-10-courses.fr\/index.php\/mentions-legales\/\" \/>\n<meta property=\"og:locale\" content=\"fr_FR\" \/>\n<meta property=\"og:type\" content=\"article\" \/>\n<meta property=\"og:title\" content=\"Mentions l\u00e9gales - 1-10 Courses\" \/>\n<meta property=\"og:description\" content=\"Editeur Le site\u00a01-10-courses.fr\u00a0est \u00e9dit\u00e9 par :JD-COM &#8211; 40 rue Damremont &#8211; 75018 PARISSAS au capital de 1000 \u20acRCS 910.466.655 Paris.TVA intra-communautaire : 63.910.466.655Le responsable de la publication est J.DUPUIS. H\u00e9bergement H\u00e9bergement : OVH\u00a0RCS Roubaix \u00e0 Tourcoing 424 761 419 000112 rue Kellermann &#8211; 59100 Roubaix &#8211; France.\u00a0 Conditions d&#8217;utilisation 1-10-courses d\u00e9cline toute responsabilit\u00e9 :\u00a0pour toute [&hellip;]\" \/>\n<meta property=\"og:url\" content=\"https:\/\/1-10-courses.fr\/index.php\/mentions-legales\/\" \/>\n<meta property=\"og:site_name\" content=\"1-10 Courses\" \/>\n<meta property=\"article:modified_time\" content=\"2023-05-03T13:51:12+00:00\" \/>\n<meta name=\"twitter:card\" content=\"summary_large_image\" \/>\n<meta name=\"twitter:label1\" content=\"Dur\u00e9e de lecture estim\u00e9e\" \/>\n\t<meta name=\"twitter:data1\" content=\"3 minutes\" \/>\n<script type=\"application\/ld+json\" class=\"yoast-schema-graph\">{\"@context\":\"https:\/\/schema.org\",\"@graph\":[{\"@type\":\"WebPage\",\"@id\":\"https:\/\/1-10-courses.fr\/index.php\/mentions-legales\/\",\"url\":\"https:\/\/1-10-courses.fr\/index.php\/mentions-legales\/\",\"name\":\"Mentions l\u00e9gales - 1-10 Courses\",\"isPartOf\":{\"@id\":\"https:\/\/1-10-courses.fr\/#website\"},\"datePublished\":\"2019-03-12T17:49:24+00:00\",\"dateModified\":\"2023-05-03T13:51:12+00:00\",\"breadcrumb\":{\"@id\":\"https:\/\/1-10-courses.fr\/index.php\/mentions-legales\/#breadcrumb\"},\"inLanguage\":\"fr-FR\",\"potentialAction\":[{\"@type\":\"ReadAction\",\"target\":[\"https:\/\/1-10-courses.fr\/index.php\/mentions-legales\/\"]}]},{\"@type\":\"BreadcrumbList\",\"@id\":\"https:\/\/1-10-courses.fr\/index.php\/mentions-legales\/#breadcrumb\",\"itemListElement\":[{\"@type\":\"ListItem\",\"position\":1,\"name\":\"Accueil\",\"item\":\"https:\/\/1-10-courses.fr\/\"},{\"@type\":\"ListItem\",\"position\":2,\"name\":\"Mentions l\u00e9gales\"}]},{\"@type\":\"WebSite\",\"@id\":\"https:\/\/1-10-courses.fr\/#website\",\"url\":\"https:\/\/1-10-courses.fr\/\",\"name\":\"1-10 Courses\",\"description\":\"\",\"potentialAction\":[{\"@type\":\"SearchAction\",\"target\":{\"@type\":\"EntryPoint\",\"urlTemplate\":\"https:\/\/1-10-courses.fr\/?s={search_term_string}\"},\"query-input\":\"required name=search_term_string\"}],\"inLanguage\":\"fr-FR\"}]}<\/script>\n<!-- \/ Yoast SEO plugin. -->","yoast_head_json":{"title":"Mentions l\u00e9gales - 1-10 Courses","robots":{"index":"index","follow":"follow","max-snippet":"max-snippet:-1","max-image-preview":"max-image-preview:large","max-video-preview":"max-video-preview:-1"},"canonical":"https:\/\/1-10-courses.fr\/index.php\/mentions-legales\/","og_locale":"fr_FR","og_type":"article","og_title":"Mentions l\u00e9gales - 1-10 Courses","og_description":"Editeur Le site\u00a01-10-courses.fr\u00a0est \u00e9dit\u00e9 par :JD-COM &#8211; 40 rue Damremont &#8211; 75018 PARISSAS au capital de 1000 \u20acRCS 910.466.655 Paris.TVA intra-communautaire : 63.910.466.655Le responsable de la publication est J.DUPUIS. H\u00e9bergement H\u00e9bergement : OVH\u00a0RCS Roubaix \u00e0 Tourcoing 424 761 419 000112 rue Kellermann &#8211; 59100 Roubaix &#8211; France.\u00a0 Conditions d&#8217;utilisation 1-10-courses d\u00e9cline toute responsabilit\u00e9 :\u00a0pour toute [&hellip;]","og_url":"https:\/\/1-10-courses.fr\/index.php\/mentions-legales\/","og_site_name":"1-10 Courses","article_modified_time":"2023-05-03T13:51:12+00:00","twitter_card":"summary_large_image","twitter_misc":{"Dur\u00e9e de lecture estim\u00e9e":"3 minutes"},"schema":{"@context":"https:\/\/schema.org","@graph":[{"@type":"WebPage","@id":"https:\/\/1-10-courses.fr\/index.php\/mentions-legales\/","url":"https:\/\/1-10-courses.fr\/index.php\/mentions-legales\/","name":"Mentions l\u00e9gales - 1-10 Courses","isPartOf":{"@id":"https:\/\/1-10-courses.fr\/#website"},"datePublished":"2019-03-12T17:49:24+00:00","dateModified":"2023-05-03T13:51:12+00:00","breadcrumb":{"@id":"https:\/\/1-10-courses.fr\/index.php\/mentions-legales\/#breadcrumb"},"inLanguage":"fr-FR","potentialAction":[{"@type":"ReadAction","target":["https:\/\/1-10-courses.fr\/index.php\/mentions-legales\/"]}]},{"@type":"BreadcrumbList","@id":"https:\/\/1-10-courses.fr\/index.php\/mentions-legales\/#breadcrumb","itemListElement":[{"@type":"ListItem","position":1,"name":"Accueil","item":"https:\/\/1-10-courses.fr\/"},{"@type":"ListItem","position":2,"name":"Mentions l\u00e9gales"}]},{"@type":"WebSite","@id":"https:\/\/1-10-courses.fr\/#website","url":"https:\/\/1-10-courses.fr\/","name":"1-10 Courses","description":"","potentialAction":[{"@type":"SearchAction","target":{"@type":"EntryPoint","urlTemplate":"https:\/\/1-10-courses.fr\/?s={search_term_string}"},"query-input":"required name=search_term_string"}],"inLanguage":"fr-FR"}]}},"post_mailing_queue_ids":[],"_links":{"self":[{"href":"https:\/\/1-10-courses.fr\/index.php\/wp-json\/wp\/v2\/pages\/239"}],"collection":[{"href":"https:\/\/1-10-courses.fr\/index.php\/wp-json\/wp\/v2\/pages"}],"about":[{"href":"https:\/\/1-10-courses.fr\/index.php\/wp-json\/wp\/v2\/types\/page"}],"author":[{"embeddable":true,"href":"https:\/\/1-10-courses.fr\/index.php\/wp-json\/wp\/v2\/users\/38"}],"replies":[{"embeddable":true,"href":"https:\/\/1-10-courses.fr\/index.php\/wp-json\/wp\/v2\/comments?post=239"}],"version-history":[{"count":4,"href":"https:\/\/1-10-courses.fr\/index.php\/wp-json\/wp\/v2\/pages\/239\/revisions"}],"predecessor-version":[{"id":44434,"href":"https:\/\/1-10-courses.fr\/index.php\/wp-json\/wp\/v2\/pages\/239\/revisions\/44434"}],"wp:attachment":[{"href":"https:\/\/1-10-courses.fr\/index.php\/wp-json\/wp\/v2\/media?parent=239"}],"curies":[{"name":"wp","href":"https:\/\/api.w.org\/{rel}","templated":true}]}}